hat is the tens digit of 3191?
9
What is the units digit of 98768?
8
What is the thousands digit of 11138?
1
What is the tens digit of 919?
1
What is the tens digit of 945?
4
What is the units digit of 81935?
5
What is the tens digit of 24231?
3
What is the hundreds digit of 989?
9
What is the tens digit of 2190?
9
What is the units digit of 2849?
9
What is the thousands digit of 3080?
3
What is the hundreds digit of 586?
5
What is the thousands digit of 47108?
7
What is the units digit of 93029?
9
What is the tens digit of 2166?
6
What is the units digit of 118863?
3
What is the thousands digit of 14297?
4
What is the tens digit of 3061?
6
What is the thousands digit of 2668?
2
What is the hundreds digit of 31125?
1
What is the hundreds digit of 5489?
4
What is the tens digit of 6699?
9
What is the units digit of 20?
0
What is the hundreds digit of 43987?
9
What is the hundreds digit of 4536?
5
What is the tens digit of 59754?
5
What is the hundreds digit of 334?
3
What is the tens digit of 1083?
8
What is the hundreds digit of 17412?
4
What is the tens digit of 18080?
8
What is the hundreds digit of 3526?
5
What is the units digit of 3297?
7
What is the thousands digit of 5686?
5
What is the tens digit of 671?
7
What is the hundreds digit of 1911?
9
What is the hundreds digit of 111?
1
What is the units digit of 250?
0
What is the hundreds digit of 426?
4
What is the ten thousands digit of 35464?
3
What is the ten thousands digit of 175464?
7
What is the hundreds digit of 974?
9
What is the thousands digit of 24102?
4
What is the tens digit of 2481?
8
What is the hundreds digit of 15350?
3
What is the thousands digit of 14267?
4
What is the thousands digit of 18321?
8
What is the hundreds digit of 9629?
6
What is the hundreds digit of 2040?
0
What is the units digit of 22649?
9
What is the hundreds digit of 690?
6
What is the units digit of 13053?
3
What is the thousands digit of 20305?
0
What is the units digit of 4587?
7
What is the hundreds digit of 4096?
0
What is the units digit of 1?
1
What is the tens digit of 1078?
7
What is the tens digit of 669?
6
What is the tens digit of 42458?
5
What is the units digit of 1472?
2
What is the ten thousands digit of 42669?
4
What is the thousands digit of 1639?
1
What is the thousands digit of 9958?
9
What is the thousands digit of 6602?
6
What is the tens digit of 1571?
7
What is the thousands digit of 5194?
5
What is the hundreds digit of 3634?
6
What is the tens digit of 3844?
4
What is the tens digit of 11119?
1
What is the tens digit of 470?
7
What is the ten thousands digit of 29214?
2
What is the hundreds digit of 510?
5
What is the thousands digit of 6627?
6
What is the thousands digit of 4329?
4
What is the tens digit of 8150?
5
What is the thousands digit of 21666?
1
What is the thousands digit of 5089?
5
What is the units digit of 18839?
9
What is the tens digit of 3744?
4
What is the ten thousands digit of 54965?
5
What is the units digit of 1628?
8
What is the hundreds digit of 19162?
1
What is the thousands digit of 1092?
1
What is the thousands digit of 10820?
0
What is the units digit of 4466?
6
What is the tens digit of 3966?
6
What is the hundreds digit of 6758?
7
What is the units digit of 24591?
1
What is the hundreds digit of 6475?
4
What is the thousands digit of 2478?
2
What is the tens digit of 778?
7
What is the thousands digit of 31044?
1
What is the hundreds digit of 5158?
1
What is the thousands digit of 1252?
1
What is the tens digit of 1118?
1
What is the hundreds digit of 123295?
2
What is the thousands digit of 1053?
1
What is the units digit of 17994?
4
What is the units digit of 897?
7
What is the hundreds digit of 491?
4
What is the units digit of 12?
2
What is the tens digit of 3512?
1
What is the thousands digit of 16484?
6
What is the units digit of 1610?
0
What is the ten thousands digit of 49005?
4
What is the units digit of 798?
8
What is the tens digit of 1529?
2
What is the hundreds digit of 351?
3
What is the units digit of 7567?
7
What is the ten thousands digit of 12198?
1
What is the tens digit of 144595?
9
What is the units digit of 16809?
9
What is the hundreds digit of 7729?
7
What is the hundreds digit of 889?
8
What is the hundreds digit of 1329?
3
What is the thousands digit of 8723?
8
What is the units digit of 10670?
0
What is the units digit of 49193?
3
What is the ten thousands digit of 14382?
1
What is the thousands digit of 19187?
9
What is the ten thousands digit of 15395?
1
What is the units digit of 10753?
3
What is the units digit of 3997?
7
What is the tens digit of 685?
8
What is the thousands digit of 1693?
1
What is the thousands digit of 4165?
4
What is the units digit of 2758?
8
What is the hundreds digit of 3955?
9
What is the tens digit of 31107?
0
What is the ten thousands digit of 19466?
1
What is the hundreds digit of 2058?
0
What is the units digit of 2882?
2
What is the tens digit of 120?
2
What is the tens digit of 3916?
1
What is the units digit of 189?
9
What is the units digit of 1815?
5
What is the units digit of 719?
9
What is the thousands digit of 4026?
4
What is the hundreds digit of 269?
2
What is the ten thousands digit of 21346?
2
What is the hundreds digit of 67026?
0
What is the thousands digit of 44063?
4
What is the thousands digit of 76488?
6
What is the thousands digit of 47027?
7
What is the units digit of 50?
0
What is the tens digit of 3530?
3
What is the units digit of 60860?
0
What is the thousands digit of 48403?
8
What is the hundreds digit of 1530?
5
What is the ten thousands digit of 36375?
3
What is the thousands digit of 1779?
1
What is the units digit of 631?
1
What is the thousands digit of 27692?
7
What is the units digit of 131181?
1
What is the hundreds digit of 7882?
8
What is the hundreds digit of 38126?
1
What is the units digit of 2267?
7
What is the units digit of 68?
8
What is the tens digit of 34184?
8
What is the units digit of 8388?
8
What is the ten thousands digit of 29533?
2
What is the thousands digit of 4144?
4
What is the hundreds digit of 1266?
2
What is the hundreds digit of 38394?
3
What is the tens digit of 2279?
7
What is the thousands digit of 1074?
1
What is the ten thousands digit of 25513?
2
What is the units digit of 82?
2
What is the tens digit of 30002?
0
What is the units digit of 40837?
7
What is the hundreds digit of 905?
9
What is the units digit of 904?
4
What is the thousands digit of 7301?
7
What is the hundreds digit of 65913?
9
What is the tens digit of 3197?
9
What is the units digit of 1702?
2
What is the units digit of 493?
3
What is the hundreds digit of 4866?
8
What is the units digit of 2723?
3
What is the tens digit of 1747?
4
What is the hundreds digit of 1054?
0
What is the units digit of 788?
8
What is the tens digit of 27539?
3
What is the hundreds digit of 901?
9
What is the thousands digit of 4183?
4
What is the hundreds digit of 2164?
1
What is the hundred thousands digit of 147471?
1
What is the units digit of 515?
5
What is the tens digit of 784?
8
What is the ten thousands digit of 28606?
2
What is the hundreds digit of 8805?
8
What is the thousands digit of 25976?
5
What is the hundreds digit of 5506?
5
What is the hundreds digit of 85339?
3
What is the tens digit of 13051?
5
What is the hundreds digit of 446?
4
What is the hundreds digit of 17611?
6
What is the ten thousands digit of 31619?
3
What is the hundreds digit of 11371?
3
What is the tens digit of 3089?
8
What is the tens digit of 4351?
5
What is the units digit of 15005?
5
What is the units digit of 354?
4
What is the tens digit of 1953?
5
What is the thousands digit of 3737?
3
What is the thousands digit of 6158?
6
What is the thousands digit of 9972?
9
What is the tens digit of 39928?
2
What is the hundreds digit of 119865?
8
What is the units digit of 3247?
7
What is the units digit of 157?
7
What is the hundreds digit of 3472?
4
What is the thousands digit of 7792?
7
What is the tens digit of 1790?
9
What is the ten thousands digit of 35721?
3
What is the hundreds digit of 3586?
5
What is the hundreds digit of 9748?
7
What is the hundreds digit of 6987?
9
What is the tens digit of 344?
4
What is the thousands digit of 9737?
9
What is the thousands digit of 2699?
2
Wh